alculate q(g).
-6
Let m(h) = 54*h + 7724. Let y be m(-143). Let c(d) = 11*d - 20. Calculate c(y).
2
Let y(v) be the first derivative of 0*v**2 + 0*v**3 - 7/4*v**4 + 0*v + 262. Calculate y(1).
-7
Let u(k) = k**2 + 3*k - 9. Suppose 7*b - 32*b = 25. Let v be -3 - (-5 - b) - 1. Calculate u(v).
-9
Let i(q) = q**2 + 146*q - 598. Let r be i(4). Let s(p) = -2*p**2 + 5*p - 11. Calculate s(r).
-9
Suppose -p = w - 9, 3*p - 6 = -4*w + 26. Let l be (-4)/22 - (-184)/44. Let c(x) = 5 - l - 2 - x. Calculate c(w).
-6
Let y(x) = 7*x**2 + 491*x**3 - 165*x**3 - 28 - 159*x**3 - 10 - 166*x**3 - 11*x. Determine y(-8).
-14
Let h(r) = 2*r**3 + 14*r**2 + 3*r + 8. Suppose 5*s + 2*n + 45 = 0, -106*n = 5*s - 102*n + 55. Give h(s).
-13
Let c(o) be the first derivative of o**5/120 + o**3 + 18*o + 32. Let t(b) be the third derivative of c(b). Give t(6).
6
Let l = -95 + 89. Let c(v) be the third derivative of v**6/120 + v**5/10 + v**3/6 + 2*v**2 + 35*v. Determine c(l).
1
Let u be (-65859)/58*8/(-6). Let a(y) = -y**3 + y**2 + 758 - u + 750 - 6*y**2 - 2*y. Let i = -2 + -3. What is a(i)?
4
Let y be 2/(0 - (-8)/36). Suppose y*s - 351 - 279 = 0. Let n = s - 63. Let b(d) = -d**3 + 7*d**2 + 3. Give b(n).
3
Let c(s) = -14*s**2 - 57*s - 9. Let h be c(-4). Suppose -z + 22 = z + 5*b, -4 = 4*z - 2*b. Let m(l) = 2 - 4 - 2*l + 0 + z. Give m(h).
9
Suppose -9*q = 30*q. Suppose 24 = -4*k - q*k + 4*h, 0 = 4*k + 5*h - 12. Let t(x) = x**2 - 4*x - 4. What is t(k)?
8
Let h(k) = 2*k - 3. Suppose 5162 = 44*r + 498. Suppose 0 = r*g - 86*g + 80. What is h(g)?
-11
Let v(q) = -20*q + 19. Let t(j) = 17*j - 18. Let s(f) = -7*t(f) - 6*v(f). Let n(a) = -1. Let o(r) = 14*n(r) + 2*s(r). Give o(-8).
-6
Let b(f) = -60*f - 723. Suppose -357*q - 2617 = 1667. Calculate b(q).
-3
Suppose -3*m - i = 13, 0 = 2*m + 2*i + 3*i. Let l(n) be the second derivative of n**5/20 + n**4/2 + n**3 - 5*n**2/2 + 29*n - 1. What is l(m)?
-10
Let k(z) be the first derivative of -z**2/2 + 6*z + 1654. Let l be (-2 + 0)/(5/(-10)). Determine k(l).
2
Let g(j) be the second derivative of j**5/20 + 5*j**4/4 - 3*j**3 - 21*j**2/2 - 1706*j. Calculate g(-16).
11
Let q(a) = 2*a - 15. Let f(t) = -t**3 - 4*t**2 + 5*t + 6. Suppose 55 - 20 = -7*i. Let z be f(i). Calculate q(z).
-3
Let l(t) = -2*t**2 - 2. Let f(b) = 3*b + 1 - b + 5 - b. Let s be f(-2). Suppose s*h - 2 = 10. What is l(h)?
-20
Let x(w) = w + 7. Suppose -20 = -6*f + 10*f. Let z be x(f). Let v(d) = -39*d + 19*d + 2*d**2 + z + 19*d - d**3. What is v(2)?
0
Let h(i) be the first derivative of -i**2/2 + 3*i + 1. Suppose -x - 3*b = 22, -5*x + 2*x + 14 = b. Determine h(x).
-5
Let q(i) be the first derivative of i**2/2 - 9*i + 699. Suppose 0 = 4*r + 12, 3*r = -4*m + 7*r + 48. Give q(m).
0
Suppose 4*s + 5*n - 6 = -4, -4*n - 5 = s. Let u(f) = -s*f**3 + 8*f**2 + 2*f**3 - 12*f**2 + 0*f**3 + f - 4. Give u(-4).
-8
Let b(a) be the second derivative of -a**4/12 + 2*a**3 + 17*a**2/2 - 8*a + 39. Give b(14).
-11
Let m(y) = -77*y + 42*y + 9*y**2 + 35*y. Let v(w) = w + 12. Let z be v(-11). Give m(z).
9
Let k(d) = -2*d - 2. Let f be k(-4). Let j(p) = -9 - 3*p**3 + 2*p**3 - 10046*p + 10041*p + 7*p**2. Determine j(f).
-3
Let v(o) = o**3 - 3*o**2 + 2*o. Let c(x) = -3*x**3 - 26*x**2 - 2*x + 63. Let i(k) = -c(k) - 2*v(k). Determine i(-32).
1
Let h(o) = -6*o + 4. Let f be h(-1). Let u(x) = -2*x**2 + 22*x - 27. Let d(a) = -a**2 + 11*a - 14. Let r(m) = 5*d(m) - 3*u(m). Calculate r(f).
1
Let u(a) = a**2 + 30*a + 33. Let h be u(-29). Let w(n) = -12*n**3 - n**3 + 2*n**3 + 9*n**3 + h*n**2 - 3*n + 4. Let o(g) = -g + 7. Let q be o(4). Calculate w(q).
-23
Let s(b) = -b**2 + 2*b. Let x be s(1). Let n be (0 + x)/((-2)/14). Let j(o) = o**2 - 90*o + 98*o + 7 + 0*o**2 + 0*o**2. Calculate j(n).
0
Let s(a) = a**2 - 7*a - 10. Suppose 9*m + 81 = 18*m. Let p be s(m). Let y(d) = 3*d + 6*d + 4 - p*d - 7. Give y(-6).
-9
Let w(x) = 4*x**2 + 803*x**3 - 3*x**2 + 1 - 804*x**3 - 3*x - 4*x**2 + 2*x**2. Give w(2).
-17
Let z(f) = -f - 7. Let g = 12 - 21. Let k be z(g). Let o(d) = -3 + d + 12*d**k + 3 - 5*d**2. What is o(-1)?
6
Let p(y) = -2 - 12*y**3 + 1 - 9*y**3. Let z = 150 - 149. Let d be ((-30)/(-20))/(z/(-2)) - -2. Calculate p(d).
20
Let h(t) = 5*t**2 - 14*t. Let j(p) = -11*p**2 + 31*p + 1. Suppose 0 = -6*g - 610 + 532. Let l(w) = g*h(w) - 6*j(w). Calculate l(5).
-1
Let s(i) = 2*i - 5. Suppose -3*t = -115*p + 113*p + 2, 0 = 4*t - 4*p + 4. Calculate s(t).
-5
Let n = 232 - 149. Suppose -n - 1 = -6*v. Let p(y) = -2*y - 5 - v + 18. Determine p(3).
-7
Suppose 104 + 106 = 5*y. Let j(k) = -35*k + 108*k - 38*k - y*k - 3. Give j(-3).
18
Let i(q) = -9*q**2 - 132*q + 45. Let s = -37458 + 37443. Calculate i(s).
0
Let x(v) = 12*v**2 + v - 1. Let d be 916/16 + 3*5/(-60). Let g = 58 - d. What is x(g)?
12
Let a(i) = 7*i**2 + 3*i - 45. Let u be a(4). Let x = 77 - u. Let c(g) = 2*g**3 + 2*g**2 + 3*g + 1. Determine c(x).
-13
Let m(p) be the first derivative of p**4/4 - 7*p**3/3 + 7*p**2/2 - 4*p + 2. Suppose -3*o - 5*s = -o - 12, -4*o + 24 = -4*s. Give m(o).
2
Let b(j) = 246 - 170 - 3*j**2 - 32*j - 20. Calculate b(-12).
8
Let d(m) = -27*m + 5. Let g(r) = 384*r + 5 + 2 - 1 - 418*r. Let x(s) = 5*d(s) - 4*g(s). What is x(-5)?
-4
Let p(a) = a**3 + 2*a**2 - 2*a + 1. Let b(q) = 4*q**3 - q**2 + 7*q - 1. Let s(m) = -b(m) + 3*p(m). Give s(6).
-38
Let r(s) be the first derivative of s**3/3 - s**2 + s - 403. Let w be (4/5)/((-2)/5). Determine r(w).
9
Let f(x) = 2*x - 15. Let v(o) = -3*o - 3. Suppose 3*j + 2*j + b + 20 = 0, 2*j - b = -15. Let g be v(j). What is f(g)?
9
Suppose 0 = -10*t + 19*t - 9. Suppose -7*y - 27 = t. Let o(q) = 3*q + 6. What is o(y)?
-6
Let n(q) = -2*q + 22. Let v be (-50)/(-75) + (-38)/(-6). Calculate n(v).
8
Let u(r) = 10*r**2 - 23*r + 24. Let i(q) = 15*q**2 - 34*q + 37. Let d(t) = -5*i(t) + 8*u(t). Let s be d(2). Let j(k) = -14*k**2 - k. Calculate j(s).
-13
Suppose -4*w - 2 = 2. Suppose 2 + 2 = 2*k, k + 79 = 3*y. Let a(o) = 14*o - 18 - y + 46. Calculate a(w).
-13
Let z(a) be the second derivative of -7/6*a**3 + 85 - 1/12*a**4 + 5/2*a**2 + 3*a. What is z(-9)?
-13
Let h(o) = 3*o**3 - 13*o**2 - 5*o + 439. Let n(s) = 2*s**3 - 9*s**2 - 3*s + 313. Let x(f) = 5*h(f) - 7*n(f). Let d be 2/(0 + 2) - -2. Determine x(d).
1
Let t be 15/(-3)*(-6 + (-189)/(-35)). Let i(j) = 0*j - 7*j + 3*j**3 + 9 + 13*j - 2*j**t - 12*j + 6*j**2. What is i(-7)?
2
Let u(h) be the third derivative of h**5/20 - 20*h**4/3 + 10*h**3 + 140*h**2 + 7*h - 2. Calculate u(53).
7
Let c(b) be the third derivative of -2*b**5/15 + b**4/8 - b**3/6 - b**2 + 4. Let p(f) = -f**3 - 10*f**2 + 39*f + 2. Let x be p(-13). What is c(x)?
-27
Let x(s) = 19 - 1 + 4*s - 8 - 9*s**2 + 14*s**2. Determine x(-2).
22
Let a(l) = l**2 + l - 8. Let b be a(3). Let w(x) = 19 - 6*x - 26 + x**3 + 0*x + 5*x + 0*x**3 - 3*x**2. What is w(b)?
5
Let b(f) = 0 - 6 + 3910*f - 7822*f + 3914*f. Give b(-11).
-28
Let n(f) = -13 + 697*f + 29*f**2 - 3 - 669*f - f**3. Determine n(30).
-76
Let v(i) = -13*i**3 + i**2 + 11*i + 23. Let x(z) = -11*z**3 + 2*z**2 + 11*z + 21. Let g(t) = 6*v(t) - 7*x(t). Give g(-7).
19
Let v be 1 - ((-44)/(-12) - 6/(-36)*-4). Let z(l) = 14*l**2 - 11*l - 18. Determine z(v).
60
Let m(f) = f**2 + 2*f - 9. Let k = 55 + -70. Let w be 0 - (-3)/(9/k). Let q be m(w). Let t(b) = b**3 - 6*b**2 - b. Give t(q).
-6
Let y(l) be the third derivative of -l**5/15 - l**4/12 - l**3/6 + 8*l**2 + 9*l. Calculate y(-2).
-13
Let y(l) = 3*l**3 + 20*l**2 - 4*l + 27. Suppose -2148*n + 2143*n - 6 = 29. Give y(n).
6
Let x(t) = t**3 - 9*t**2 + 6*t + 5. Let y be ((-68)/1)/(5/10). Let g be (y/17)/((-2 - -4)/(-2)). What is x(g)?
-11
Let w(i) = 3*i**3 - 2*i**2 - i + 2. Let a = -5213 + 5211. Determine w(a).
-28
Let w(l) = -l**3 - 4*l**2 - 5*l + 1. Suppose -34*z + 13*z = 0. Suppose z = 4*n - 0*q - 4*q + 4, 5*n + q + 23 = 0. Calculate w(n).
21
Let k(h) = -8 - 6 + 14 + 7*h. Let c(u) = -u**2 - 8*u + 4. Let b be c(-9). Let x = -6 - b. Give k(x).
-7
Let w(b) = -b**3 - b**2 + 5*b - 6. Let n(o) = -71*o + 1629. Let s be n(23). Determine w(s).
22
Suppose -52 = -37*u - 422. Let n(r) = 0*r - 12*r - 10 - 4 - r**3 - 4*r**2 - 7*r**2. What is n(u)?
6
Let d(a) be the first derivative of 3*a**2 + 79. Suppose -34 = 3*m - 4*l + 12, -2*l = -2. Let c be ((-7)/m)/((-2)/4). What is d(c)?
-6
Let l(u) = -11*u**2 - 20*u + 206. Let b(w) = w**2 + w - 21. Let h(k) = 10*